f 1442389068.
2, 3, 739, 54217
List the prime factors of 205804946.
2, 5101, 20173
What are the prime factors of 160261942?
2, 80130971
What are the prime factors of 56787329?
829, 68501
List the prime factors of 681474632.
2, 85184329
What are the prime factors of 920025542?
2, 809, 568619
What are the prime factors of 2985622051?
2985622051
List the prime factors of 42232812.
2, 3, 877, 4013
List the prime factors of 36518456.
2, 13, 19, 18481
What are the prime factors of 739280841?
3, 13, 18955919
What are the prime factors of 254417162?
2, 593, 214517
List the prime factors of 1650189558.
2, 3, 17, 19, 851491
What are the prime factors of 1926410808?
2, 3, 7, 47, 243973
What are the prime factors of 241047364?
2, 41, 1469801
What are the prime factors of 1991709457?
313, 6363289
What are the prime factors of 156772300?
2, 5, 17, 92219
What are the prime factors of 287004656?
2, 2339, 7669
What are the prime factors of 44066751?
3, 947, 15511
List the prime factors of 234095621.
2221, 105401
List the prime factors of 1570308761.
7, 3469, 64667
What are the prime factors of 5505451?
7, 89, 8837
List the prime factors of 1838390416.
2, 241, 491, 971
List the prime factors of 1109972818.
2, 19, 149, 196039
List the prime factors of 129350771.
11, 11759161
List the prime factors of 181850441.
181850441
List the prime factors of 2618837.
13, 201449
What are the prime factors of 27284332?
2, 6821083
List the prime factors of 30687606.
2, 3, 568289
List the prime factors of 185977945.
5, 37195589
List the prime factors of 19546637.
11, 1776967
What are the prime factors of 3513638484?
2, 3, 97601069
List the prime factors of 2904070168.
2, 103, 113, 31189
List the prime factors of 2379037540.
2, 5, 11, 47, 230081
What are the prime factors of 1369709573?
43, 359, 88729
List the prime factors of 1007187216.
2, 3, 7, 127, 23603
What are the prime factors of 1797058363?
89, 1997, 10111
List the prime factors of 5827322.
2, 499, 5839
List the prime factors of 536450003.
157, 503, 6793
What are the prime factors of 66573801?
3, 7, 150961
What are the prime factors of 15861160?
2, 5, 7, 37, 1531
List the prime factors of 637876594.
2, 7883, 40459
What are the prime factors of 1077577990?
2, 5, 41, 359, 7321
What are the prime factors of 2053085530?
2, 5, 463, 443431
What are the prime factors of 23444181?
3, 59, 14717
List the prime factors of 95573765.
5, 7, 390097
List the prime factors of 836512679.
59, 307, 46183
What are the prime factors of 41533075?
5, 29, 57287
List the prime factors of 7606490855.
5, 8731, 174241
What are the prime factors of 587821607?
4639, 126713
What are the prime factors of 92133540?
2, 3, 5, 17, 30109
List the prime factors of 155035579.
155035579
List the prime factors of 3443607149.
401, 8587549
List the prime factors of 356259302.
2, 7, 3635299
List the prime factors of 521802458.
2, 260901229
List the prime factors of 1016694837.
3, 7457, 15149
List the prime factors of 2643684973.
2643684973
What are the prime factors of 242829227?
61, 1217, 3271
What are the prime factors of 145713663?
3, 16190407
What are the prime factors of 6549835548?
2, 3, 17, 32107037
What are the prime factors of 90499682?
2, 7, 13, 347, 1433
What are the prime factors of 5847974?
2, 11, 227, 1171
List the prime factors of 72654243.
3, 17, 103, 13831
What are the prime factors of 74665142?
2, 1051, 35521
What are the prime factors of 29796335?
5, 53, 229, 491
List the prime factors of 242631228.
2, 3, 7, 2888467
What are the prime factors of 139417676?
2, 34854419
What are the prime factors of 118437084?
2, 3, 223, 14753
List the prime factors of 275522260.
2, 5, 13, 1059701
List the prime factors of 34117267.
31, 1100557
List the prime factors of 197230256.
2, 12326891
List the prime factors of 495114644.
2, 8269, 14969
What are the prime factors of 129399029?
129399029
List the prime factors of 137355368.
2, 29, 592049
List the prime factors of 278993095.
5, 55798619
List the prime factors of 102048988.
2, 25512247
List the prime factors of 57079716.
2, 3, 103, 46181
What are the prime factors of 1840160843?
1840160843
List the prime factors of 428448866.
2, 6827, 31379
What are the prime factors of 1006444417?
11, 47, 1946701
What are the prime factors of 78626763?
3, 59, 148073
List the prime factors of 493212947.
29, 631, 26953
List the prime factors of 173952618.
2, 3, 7, 619, 6691
List the prime factors of 1701939628.
2, 67, 1277, 4973
List the prime factors of 86528915.
5, 11, 89, 1607
What are the prime factors of 1458788808?
2, 3, 1553, 39139
What are the prime factors of 1012102625?
5, 37, 218833
List the prime factors of 943008792.
2, 3, 11, 3572003
What are the prime factors of 231296317?
7, 4720333
What are the prime factors of 3797003343?
3, 7, 180809683
What are the prime factors of 6034369313?
7, 127, 331, 20507
What are the prime factors of 175367007?
3, 101, 192923
What are the prime factors of 11920480?
2, 5, 11, 13, 521
List the prime factors of 175513181.
47, 3734323
List the prime factors of 750842184.
2, 3, 37, 41, 503
List the prime factors of 286033543.
19, 23, 654539
What are the prime factors of 75234152?
2, 7, 1343467
What are the prime factors of 47154414?
2, 3, 7859069
What are the prime factors of 74884141?
6977, 10733
What are the prime factors of 3621718715?
5, 47, 1733, 8893
List the prime factors of 41135550.
2, 3, 5, 274237
List the prime factors of 39334441.
37, 47, 22619
List the prime factors of 40865708.
2, 13, 785879
What are the prime factors of 2107944229?
2107944229
List the prime factors of 15438849.
3, 19, 43, 6299
What are the prime factors of 53769016?
2, 7, 29, 113, 293
What are the prime factors of 1766228660?
2, 5, 7, 71, 137, 1297
What are the prime factors of 6833124?
2, 3, 347, 547
What are the prime factors of 655787338?
2, 53, 6186673
List the prime factors of 71636834.
2, 35818417
What are the prime factors of 48134254?
2, 7, 3438161
List the prime factors of 71386591.
19, 3757189
What are the prime factors of 362970219?
3, 967, 125119
What are the prime factors of 406803953?
406803953
What are the prime factors of 288169524?
2, 3, 8004709
What are the prime factors of 323379681?
3, 107793227
What are the prime factors of 573648253?
10159, 56467
List the prime factors of 7998503.
23, 61, 5701
What are the prime factors of 256828548?
2, 3, 19, 1126441
List the prime factors of 118305046.
2, 83, 712681
What are the prime factors of 6074131764?
2, 3, 506177647
What are the prime factors of 387885089?
5333, 72733
What are the prime factors of 797839313?
61, 1531, 8543
List the prime factors of 3518514574.
2, 179, 9828253
List the prime factors of 1314300319.
19, 69173701
What are the prime factors of 568819621?
7331, 77591
List the prime factors of 3463277.
3463277
List the prime factors of 201705070.
2, 5, 7, 59, 6977
What are the prime factors of 529905877?
19, 337, 82759
List the prime factors of 124511856.
2, 3, 7, 370571
What are the prime factors of 51815477?
7, 31, 238781
List the prime factors of 507637094.
2, 23, 79, 163, 857
List the prime factors of 9318289863.
3, 33827, 91823
List the prime factors of 2362529232.
2, 3, 7, 2343779
What are the prime factors of 37977348?
2, 3, 3164779
What are the prime factors of 119175503?
47, 1301, 1949
List the prime factors of 24483153.
3, 19, 429529
What are the prime factors of 3668747685?
3, 5, 983, 248813
List the prime factors of 1037001118.
2, 518500559
List the prime factors of 2813377.
7, 29, 13859
List the prime factors of 46379412.
2, 3, 47, 9137
List the prime factors of 203416263.
3, 601, 37607
What are the prime factors of 25159332?
2, 3, 11, 23, 8287
List the prime factors of 3516103777.
3516103777
What are the prime factors of 1166104707?
3, 388701569
What are the prime factors of 363755425?
5, 11, 1322747
What are the prime factors of 48321219?
3, 31, 79, 6577
List the prime factors of 16712998.
2, 8356499
What are the prime factors of 146105486?
2, 43, 151, 11251
What are the prime factors of 99725819?
71, 107, 13127
List the prime factors of 27738565.
5, 5547713
What are the prime factors of 117100429?
23, 5091323
List the prime factors of 167456883.
3, 11, 5074451
What are the prime factors of 103567510?
2, 5, 139, 7